, what is -10 - -10011111001?
10011110111
In base 5, what is 241 - -422?
1213
In base 5, what is 41 + -30?
11
In base 2, what is 11101011 - -11?
11101110
In base 10, what is 3 + 2012?
2015
In base 8, what is 221 - -3?
224
In base 7, what is -52 - 34?
-116
In base 16, what is -5 - -1d6?
1d1
In base 4, what is -1 + -20210?
-20211
In base 11, what is 20 + 1?
21
In base 13, what is 4 - 126?
-122
In base 14, what is 18 - -10?
28
In base 6, what is -1454 + 20?
-1434
In base 13, what is 1a + -2?
18
In base 13, what is 84 + -8?
79
In base 9, what is -226 - -13?
-213
In base 6, what is -5 + 22441?
22432
In base 7, what is 41160 - -4?
41164
In base 4, what is 122 - -10?
132
In base 8, what is 764 + -7?
755
In base 16, what is 34 - 90?
-5c
In base 5, what is -314 - 11?
-330
In base 2, what is 10 - 10001?
-1111
In base 3, what is 1000 - 1?
222
In base 15, what is -73 + -8?
-7b
In base 3, what is 2011001 - 12?
2010212
In base 9, what is -2 + -332?
-334
In base 16, what is -2b8 - -3?
-2b5
In base 6, what is 4524 - 31?
4453
In base 5, what is 240 - 21?
214
In base 14, what is 1 - 1b?
-1a
In base 16, what is 99 - 6?
93
In base 12, what is -a20 - -4?
-a18
In base 3, what is 11 - 211010?
-210222
In base 14, what is 5 + -79?
-74
In base 8, what is 3 + 12452?
12455
In base 5, what is -1230 - -44?
-1131
In base 14, what is 2d9b + 0?
2d9b
In base 12, what is -12036 + 3?
-12033
In base 11, what is -2 - -10?
9
In base 9, what is 42 - 1?
41
In base 11, what is -8 - -46?
39
In base 13, what is 2b9 - 1?
2b8
In base 8, what is -217 - -5?
-212
In base 11, what is -675 - 7?
-681
In base 9, what is 3 + -1484?
-1481
In base 4, what is 10103101 + -3?
10103032
In base 13, what is 4 + 61a?
621
In base 2, what is 11010001 + -11?
11001110
In base 6, what is 304 + -1?
303
In base 13, what is 66 - 2?
64
In base 16, what is 12 - 9f?
-8d
In base 9, what is 2420 + -1?
2418
In base 15, what is 3c + 1d?
5a
In base 11, what is 2041 + 2?
2043
In base 2, what is -10010100 - -10?
-10010010
In base 3, what is 10021122 - 11?
10021111
In base 2, what is 100 - 11001?
-10101
In base 5, what is -13 + -1013?
-1031
In base 5, what is 122 - 131?
-4
In base 11, what is 862 - 2?
860
In base 2, what is -10 + 1011111000?
1011110110
In base 3, what is 20 + 211101?
211121
In base 12, what is -2a + 2?
-28
In base 9, what is -56 - -132?
65
In base 2, what is -10010100 + -1110?
-10100010
In base 9, what is 5 - -47?
53
In base 9, what is -1364 - -2?
-1362
In base 16, what is 1 - -18?
19
In base 5, what is 21 - 21?
0
In base 7, what is 16 - 611?
-562
In base 14, what is -231 - -17?
-218
In base 3, what is -1 - -112212?
112211
In base 2, what is -101 + 111100100101?
111100100000
In base 11, what is 0 - -61?
61
In base 4, what is 11101133 + -10?
11101123
In base 16, what is -83 + -69?
-ec
In base 7, what is 23153 + -3?
23150
In base 16, what is -7c + -33?
-af
In base 10, what is -2 + 1980?
1978
In base 14, what is c7 - 1?
c6
In base 9, what is -33 + -3?
-36
In base 15, what is -337 + 1?
-336
In base 15, what is -a + 31?
26
In base 16, what is 64 + -2?
62
In base 13, what is 1102 + -4?
10cb
In base 6, what is -102 - -13?
-45
In base 5, what is 4 - 10422?
-10413
In base 5, what is 10 + -12311?
-12301
In base 16, what is 6 + -21f?
-219
In base 6, what is -3 + 11?
4
In base 15, what is 3 + -a3?
-a0
In base 14, what is -62 - -6?
-5a
In base 11, what is -31 + -1?
-32
In base 8, what is 11 - -206?
217
In base 3, what is -101000 + -22?
-101022
In base 11, what is -4 - 11?
-15
In base 3, what is -100210 - -12?
-100121
In base 15, what is 1d4 - 5?
1ce
In base 11, what is -48 + 4?
-44
In base 4, what is -13001121 - -10?
-13001111
In base 2, what is 101100011101 + -10?
101100011011
In base 8, what is -2 - -10540?
10536
In base 6, what is 113 - -20?
133
In base 2, what is -110 - -10100010000?
10100001010
In base 9, what is -1464 - 0?
-1464
In base 11, what is 107 - 5?
102
In base 3, what is 1200110 - 0?
1200110
In base 6, what is -5 + 12115?
12110
In base 6, what is 4 + 0?
4
In base 8, what is 56 - 2?
54
In base 11, what is -14 + 2?
-12
In base 3, what is 2 - -212120?
212122
In base 14, what is 1 - -11?
12
In base 16, what is 2e + -3d?
-f
In base 16, what is -5 + -410?
-415
In base 10, what is -20 - -15?
-5
In base 10, what is 0 - -3544?
3544
In base 16, what is -8 + 60?
58
In base 7, what is -2 - -12?
10
In base 4, what is 3233 + 31?
3330
In base 3, what is 12 + -1200?
-1111
In base 10, what is 1 - 70?
-69
In base 16, what is -9 + 8eb?
8e2
In base 15, what is 5 + 1e78?
1e7d
In base 16, what is 579 - 5?
574
In base 12, what is -3 - 36b0?
-36b3
In base 16, what is 1 + -6e6?
-6e5
In base 3, what is 2 + -10112?
-10110
In base 4, what is -10100 - 12?
-10112
In base 16, what is a + eb?
f5
In base 14, what is 291 - 4?
28b
In base 5, what is -2 - 1333?
-1340
In base 10, what is 4 + -651?
-647
In base 10, what is 0 - 39?
-39
In base 7, what is 431 + -2?
426
In base 14, what is -1 + 1d3?
1d2
In base 5, what is -41 + -241?
-332
In base 7, what is -163 - 20?
-213
In base 11, what is -4 + -5761?
-5765
In base 3, what is -202 + 1000110?
222201
In base 11, what is 195 + 13?
1a8
In base 6, what is 1 + -322?
-321
In base 12, what is 3 + -21b?
-218
In base 3, what is 10022 - 121?
2201
In base 5, what is 2221 - 3?
2213
In base 8, what is 6540 + 5?
6545
In base 12, what is 32 + -335?
-303
In base 11, what is 8a + 0?
8a
In base 11, what is -6 + -a3?
-a9
In base 14, what is -2 + 21?
1d
In base 10, what is 5 + 62?
67
In base 5, what is 121 - 31?
40
In base 2, what is 100000110110 - 10?
100000110100
In base 13, what is -1b + 23?
5
In base 7, what is -1565 - 3?
-1601
In base 16, what is -101 + 0?
-101
In base 8, what is 13 + -24?
-11
In base 8, what is 536 + -1?
535
In base 13, what is 15 - -a?
22
In base 11, what is -1 + -27?
-28
In base 11, what is -36 + 1?
-35
In base 6, what is 1240 - 3?
1233
In base 8, what is -3 - 1441?
-1444
In base 12, what is 6 + 39?
43
In base 8, what is 0 + 70?
70
In base 6, what is -241 + -3?
-244
In base 10, what is -4891 + 5?
-4886
In base 12, what is -176 - 13?
-189
In base 2, what is 11001011101100 - -1?
11001011101101
In base 10, what is 3738 + -1?
3737
In base 12, what is 1 + 23?
24
In base 4, what is -11 - 322112?
-322123
In base 13, what is -15b6 - 3?
-15b9
In base 15, what is -1 - -1d3?
1d2
In base 13, what is 2b3 - 5?
2ab
In base 8, what is 236574 - -1?
236575
In base 7, what is -25 - 0?
-25
In base 4, what is 222 + -10?
212
In base 4, what is -232 + -110?
-1002
In base 9, what is -17 - 10?
-27
In base 11, what is 1143 - -2?
1145
In base 11, what is 0 - -1a5?
1a5
In base 12, what is 573 - -3?
576
In base 2, what is -11 + 100110?
100011
In base 10, what is -4 - 137?
-141
In base 15, what is -3 - -2346?
2343
In base 5, what is -224 + 0?
-224
In base 15, what is -5b - 4?
-60
In base 12, what is -3 + b?
8
In base 3, what is 11 - -1001102?
1001120
In base 12, what is 8 + -16?
-a
In base 7, what is 2 + -1033?
-1031
In base 2, what is 1010010 - 101?
1001101
In base 3, what is -1 + 1110?
1102
In base 3, what is -10021 + -1?
-10022
In base 7, what is -2320 - -3?
-2314
In base 13, what is 446 + 2?
448
In base 4, what is 11 - -111?
122
In base 9, what is -7 - -100?
82
In base 4, what is -22 - -123?
101
In base 12, what is 0 + 2a?
2a
In base 13, what is 0 + -3b?
-3b
In base 2, what is 11 + -101?
-10
In base 13, what is 1aa + 4?
1b1
In base 12, what is 0 + -1b8?
-1b8
In base 14, what is -5 - -c3?
bc
In base 12, what is -773 + -2?
-775
In base 12, what is 18 + 204?
220
In base 10, what is 232 - 66?
166
In base 3, what is -120202 + -211?
-121120
In base 11, what is 3 + -50?
-48
In base 6, what is 15 + -234?
-215
In base 5, what is -33 + 2?
-31
In base 11, what is 4 + -14?
-10
In base 9, what is -5 + -75?
-81
In base 4, what is 20 - 20220?
-20200
In base 14, what is 2b73 + -2?
2b71
In base 12, what is 168 + 1a?
186
In base 16, what is -1e + 3?
-1b
In base 5, what is 1 + -110?
-104
In base 2, what is -1100110 - -1000?
-1011110
In base 13, what is 7 - -9a?
a4
In base 16, what is 29 - 0?
29
In base 5, what is 10 + 2212?
2222
In base 11, what is 3 - 1a?
-17
In base 16, what is 19 + 4?
1d
In base 9, what is 2 + 157?
160
In base 12, what is 6 + -11?
-7
In base 5, what is 2022 + 22?
2044
In base 11, what is 274 + 4?
278
In base